lions digit of 3102060516?
0
What is the hundreds digit of 2347220331?
3
What is the thousands digit of 2651839650?
9
What is the tens digit of 3110048429?
2
What is the thousands digit of 3800426228?
6
What is the hundreds digit of 68257656?
6
What is the millions digit of 5333365277?
3
What is the tens digit of 1614545242?
4
What is the ten millions digit of 151479502?
5
What is the millions digit of 45655066?
5
What is the hundred millions digit of 2539970302?
5
What is the hundred thousands digit of 2772355828?
3
What is the hundred millions digit of 206968154?
2
What is the ten millions digit of 246155089?
4
What is the tens digit of 14677447?
4
What is the thousands digit of 7687080?
7
What is the hundreds digit of 45236783?
7
What is the billions digit of 1677454270?
1
What is the ten millions digit of 97643145?
9
What is the ten millions digit of 66564499?
6
What is the thousands digit of 105145577?
5
What is the units digit of 119624271?
1
What is the thousands digit of 60029283?
9
What is the ten millions digit of 339728343?
3
What is the hundreds digit of 45695716?
7
What is the hundreds digit of 27299791?
7
What is the ten millions digit of 28060348?
2
What is the ten millions digit of 1195430727?
9
What is the thousands digit of 61764557?
4
What is the ten thousands digit of 1131309098?
0
What is the hundred thousands digit of 170901855?
9
What is the thousands digit of 6593108590?
8
What is the hundreds digit of 724956624?
6
What is the hundred millions digit of 282384107?
2
What is the ten millions digit of 65305463?
6
What is the ten thousands digit of 152561280?
6
What is the thousands digit of 925663467?
3
What is the ten millions digit of 1083798160?
8
What is the hundred thousands digit of 1550149521?
1
What is the ten millions digit of 1176816466?
7
What is the thousands digit of 360463111?
3
What is the hundreds digit of 244025983?
9
What is the ten thousands digit of 92101146?
0
What is the tens digit of 6977618297?
9
What is the hundreds digit of 16406662?
6
What is the thousands digit of 275988497?
8
What is the tens digit of 625851418?
1
What is the tens digit of 79335244?
4
What is the ten millions digit of 98234563?
9
What is the ten millions digit of 10357477?
1
What is the ten thousands digit of 277458697?
5
What is the hundreds digit of 21311614?
6
What is the hundred thousands digit of 17064071?
0
What is the ten thousands digit of 4711733087?
3
What is the hundred thousands digit of 51687790?
6
What is the units digit of 92884054?
4
What is the hundreds digit of 82670108?
1
What is the hundred thousands digit of 469377537?
3
What is the units digit of 294487212?
2
What is the tens digit of 122840230?
3
What is the hundred thousands digit of 77628854?
6
What is the hundred millions digit of 105059510?
1
What is the hundred millions digit of 6276652860?
2
What is the thousands digit of 131823623?
3
What is the hundred millions digit of 3323942150?
3
What is the thousands digit of 3319425499?
5
What is the hundred thousands digit of 6647077736?
0
What is the hundred thousands digit of 36987822?
9
What is the units digit of 443476921?
1
What is the hundred millions digit of 1765094454?
7
What is the ten millions digit of 423491351?
2
What is the units digit of 155438524?
4
What is the hundreds digit of 20139298?
2
What is the hundred thousands digit of 4997906434?
9
What is the billions digit of 2357812489?
2
What is the hundred millions digit of 126965802?
1
What is the units digit of 292700614?
4
What is the hundreds digit of 40935234?
2
What is the hundreds digit of 1027627302?
3
What is the units digit of 3101070492?
2
What is the hundred thousands digit of 51080871?
0
What is the ten thousands digit of 259751728?
5
What is the thousands digit of 135905022?
5
What is the hundred millions digit of 5779792564?
7
What is the hundred millions digit of 226723246?
2
What is the units digit of 2591298636?
6
What is the units digit of 441109229?
9
What is the hundreds digit of 35194578?
5
What is the thousands digit of 57808152?
8
What is the ten thousands digit of 245356823?
5
What is the ten thousands digit of 23654117?
5
What is the ten thousands digit of 1489374098?
7
What is the hundreds digit of 2854205583?
5
What is the ten thousands digit of 26988983?
8
What is the hundred thousands digit of 62546331?
5
What is the ten thousands digit of 5606289632?
8
What is the units digit of 235749120?
0
What is the thousands digit of 17668568?
8
What is the hundreds digit of 1296805430?
4
What is the ten millions digit of 91676229?
9
What is the tens digit of 23187768?
6
What is the hundreds digit of 30167347?
3
What is the hundred millions digit of 323653532?
3
What is the units digit of 74765950?
0
What is the hundred thousands digit of 3476723?
4
What is the ten thousands digit of 16143630?
4
What is the units digit of 219651911?
1
What is the thousands digit of 1032333679?
3
What is the ten thousands digit of 130979352?
7
What is the ten thousands digit of 46434361?
3
What is the hundreds digit of 164540371?
3
What is the ten thousands digit of 53784939?
8
What is the hundred thousands digit of 272766624?
7
What is the millions digit of 1206638216?
6
What is the millions digit of 3090932134?
0
What is the hundred thousands digit of 498914190?
9
What is the tens digit of 47349999?
9
What is the ten millions digit of 43961216?
4
What is the millions digit of 1185703626?
5
What is the thousands digit of 64513555?
3
What is the tens digit of 10386622?
2
What is the units digit of 240716815?
5
What is the ten thousands digit of 177757399?
5
What is the thousands digit of 74708182?
8
What is the millions digit of 316978285?
6
What is the billions digit of 3552928143?
3
What is the tens digit of 201570876?
7
What is the tens digit of 257306386?
8
What is the tens digit of 113159626?
2
What is the ten thousands digit of 85924704?
2
What is the units digit of 16172423?
3
What is the units digit of 21298133?
3
What is the hundreds digit of 661289857?
8
What is the ten thousands digit of 698585689?
8
What is the hundreds digit of 39774745?
7
What is the tens digit of 50770304?
0
What is the ten millions digit of 20977719?
2
What is the billions digit of 4271792188?
4
What is the units digit of 48259738?
8
What is the units digit of 143926770?
0
What is the billions digit of 1531922811?
1
What is the hundred millions digit of 1943773578?
9
What is the thousands digit of 299730460?
0
What is the units digit of 597905118?
8
What is the ten millions digit of 1682423282?
8
What is the hundreds digit of 103654448?
4
What is the tens digit of 24952972?
7
What is the ten millions digit of 269576168?
6
What is the ten thousands digit of 14970261?
7
What is the tens digit of 449860229?
2
What is the hundred thousands digit of 459420136?
4
What is the hundred thousands digit of 1299867899?
8
What is the millions digit of 109304526?
9
What is the ten thousands digit of 2837798?
3
What is the thousands digit of 3992824805?
4
What is the units digit of 2508420192?
2
What is the thousands digit of 576751718?
1
What is the thousands digit of 57628550?
8
What is the units digit of 16880362?
2
What is the ten thousands digit of 1317030548?
3
What is the millions digit of 86339531?
6
What is the tens digit of 127888294?
9
What is the hundred thousands digit of 3584412343?
4
What is the ten thousands digit of 8303717?
0
What is the thousands digit of 61501543?
1
What is the thousands digit of 102103948?
3
What is the thousands digit of 358864855?
4
What is the thousands digit of 677813987?
3
What is the ten millions digit of 552747353?
5
What is the ten thousands digit of 67460829?
6
What is the billions digit of 2800134047?
2
What is the hundred thousands digit of 545145350?
1
What is the ten thousands digit of 101753479?
5
What is the units digit of 1153485940?
0
What is the hundred millions digit of 1264638288?
2
What is the billions digit of 2269691060?
2
What is the ten thousands digit of 156407340?
0
What is the ten thousands digit of 40049229?
4
What is the hundred thousands digit of 2162712070?
7
What is the ten millions digit of 396818280?
9
What is the ten millions digit of 21080790?
2
What is the hundred millions digit of 1311289434?
